 base 8, what is -20275715235 - 1?
-20275715236
In base 2, what is 1011 + -101110001001101010?
-101110001001011111
In base 5, what is 1330002313 - 11?
1330002302
In base 14, what is -103b3 + 1b?
-10396
In base 16, what is -21ed + 35d?
-1e90
In base 7, what is -356021 + 10?
-356011
In base 4, what is 131321 - -202231?
1000212
In base 13, what is 395 - -9853?
9c18
In base 16, what is -393c578 + -1?
-393c579
In base 13, what is -a81 - 6739?
-74ba
In base 3, what is 2011012 + -21010220?
-11222201
In base 12, what is 6 - -11177b3?
11177b9
In base 11, what is 8 - 38165187?
-3816517a
In base 16, what is -1 - -c2753?
c2752
In base 9, what is 6 + 16471686?
16471703
In base 3, what is 1001221111 - 10011022?
221210012
In base 10, what is 1483 - 10315?
-8832
In base 3, what is -121020 - 11200022101?
-11200220121
In base 10, what is 2223 + -197610?
-195387
In base 15, what is -4d540 + -5b?
-4d59b
In base 3, what is -11 + -12220122222101?
-12220122222112
In base 2, what is -1110000011010 + 111000100110101?
101010100011011
In base 12, what is 38902 + -b1?
38811
In base 5, what is 4130304 - 320424?
3304330
In base 10, what is -139930 + -4?
-139934
In base 15, what is -38 - -34317?
342ce
In base 7, what is -4 - 113003610?
-113003614
In base 6, what is -130414133 - 42?
-130414215
In base 11, what is -17 + -1811a63?
-1811a7a
In base 15, what is 4 + 21d156?
21d15a
In base 16, what is 5 - -6234e?
62353
In base 16, what is 1e0b8 - -90?
1e148
In base 13, what is 1466 + -425c?
-2ac6
In base 9, what is -2628 + 86615?
83876
In base 2, what is -1 - 111001010010101000?
-111001010010101001
In base 14, what is -4095ab + -99?
-409666
In base 9, what is 107 + -283488?
-283381
In base 15, what is -106 + -14aae8?
-14abee
In base 5, what is 140334411113 + 1?
140334411114
In base 13, what is -38b + 460b7?
45a29
In base 14, what is -352 - ad685?
-ad9d7
In base 3, what is -101200200000 + 21022?
-101200101201
In base 10, what is 3384 + -221639?
-218255
In base 5, what is 0 + -134404023221?
-134404023221
In base 6, what is -224224 + -3232?
-231500
In base 15, what is a + 160289e?
16028a9
In base 13, what is 1a6160 + 39?
1a6199
In base 9, what is -7341 - -43350?
35008
In base 2, what is 0 + 1011100100001000010110011?
1011100100001000010110011
In base 11, what is -995a6 + -23?
-99619
In base 8, what is 1 - 6740453?
-6740452
In base 5, what is 4140143421 + 20?
4140143441
In base 11, what is 6 + 1591?
1597
In base 14, what is -1c6 + -37b96?
-37d7c
In base 4, what is 13213223221201 - 12?
13213223221123
In base 14, what is -325d1 + -5?
-325d6
In base 8, what is 704 - -142354?
143260
In base 13, what is -b - 30170a3?
-30170b1
In base 2, what is -1111100000010101 + -1000001011?
-1111101000100000
In base 3, what is 100212210201 + 211222?
100220122200
In base 14, what is -1adbb - -a14?
-1a3a7
In base 16, what is 2c3 + -646f?
-61ac
In base 8, what is -557 - 656612?
-657371
In base 7, what is 56004234 - -1?
56004235
In base 6, what is 551113010 + 2?
551113012
In base 6, what is 102014 + -104252?
-2234
In base 14, what is 13ac + 1cc8b?
20259
In base 11, what is 4 - 2107056?
-2107052
In base 16, what is 2cb00576 + -2?
2cb00574
In base 10, what is -277 - 80250?
-80527
In base 9, what is 28850388 - -16?
28850415
In base 8, what is 0 + 2342260?
2342260
In base 7, what is -26063 + -1303?
-30366
In base 3, what is -10110010112 + 2102001?
-10100201111
In base 14, what is 47 + -481ba?
-48173
In base 6, what is -3045 + -35504?
-42553
In base 3, what is 121 + 110011000120221?
110011000121112
In base 11, what is -14164 - 8525?
-21689
In base 10, what is 4 - -930651?
930655
In base 15, what is 9c7cd4 + -4?
9c7cd0
In base 12, what is 112 + -3464?
-3352
In base 11, what is -5722 - -460?
-5272
In base 11, what is 31025892 + 0?
31025892
In base 2, what is 1010110011000110 - 101001001?
1010101101111101
In base 13, what is -cb5c099 - 3?
-cb5c09c
In base 6, what is 2 + 1022534132?
1022534134
In base 3, what is 1012 + 1020201010112?
1020201011201
In base 12, what is -94 - -a69a4?
a6910
In base 15, what is 2e8bce - -3?
2e8bd2
In base 11, what is 82a - -41387?
42106
In base 12, what is -12 + -25a726a?
-25a7280
In base 15, what is 47b + -639?
-1ad
In base 14, what is -4581a - -1750?
-440aa
In base 15, what is 3827335e + 2?
38273361
In base 15, what is 3e6e2717 + -2?
3e6e2715
In base 12, what is 9 + -7618a?
-76181
In base 9, what is -6683 - 4088?
-11782
In base 11, what is -5a - -32859?
327aa
In base 6, what is -3 + -5100023111?
-5100023114
In base 5, what is -1420300 - -1201401?
-213344
In base 2, what is 1000 + -111010101101001101010010?
-111010101101001101001010
In base 10, what is 7 - -879157?
879164
In base 13, what is -a0 - -376?
2a6
In base 3, what is 120201 - 110111102222?
-110110212021
In base 10, what is 0 - -1835544?
1835544
In base 12, what is -16169690 + 1?
-1616968b
In base 15, what is 9 + d030ac?
d030b6
In base 9, what is 154343257 + 3?
154343261
In base 8, what is 314722 - 177?
314523
In base 4, what is 2110330 - 123000?
1321330
In base 16, what is -422107 + -b?
-422112
In base 15, what is -3 + -765d4b5?
-765d4b8
In base 3, what is -1021012102200 + 112202?
-1021011212221
In base 2, what is 1011 - -101001111000101?
101001111010000
In base 16, what is -487e3d + -9?
-487e46
In base 2, what is 101000 + 11011101011000000101?
11011101011000101101
In base 5, what is 442402001 - -4?
442402010
In base 12, what is 393 + -4a532?
-4a15b
In base 4, what is -1 - 1220030120312?
-1220030120313
In base 10, what is 1930912 - 13?
1930899
In base 13, what is -4a49170 - -4?
-4a49169
In base 7, what is -1506 - 3205?
-5014
In base 13, what is -24 - -138c83?
138c5c
In base 16, what is 4e4ed + -ca?
4e423
In base 7, what is -26410 + -34146?
-63556
In base 6, what is -2015515 - -4?
-2015511
In base 11, what is 31 + 132a158?
132a189
In base 8, what is -5654 + 62340?
54464
In base 8, what is 12 - -15713544?
15713556
In base 6, what is -220 - 2025443?
-2030103
In base 5, what is -3 + 123202244100?
123202244042
In base 6, what is -50 + -152514313?
-152514403
In base 2, what is 100100000110011000001 + 1010?
100100000110011001011
In base 5, what is -131334 - 300424?
-432313
In base 9, what is 11 + -12545240?
-12545228
In base 11, what is -1 + -256039?
-25603a
In base 8, what is -7 - 1753702350?
-1753702357
In base 4, what is 11200 - -1201102301?
1201120101
In base 2, what is 1010101 - 10101000010111011001?
-10101000010110000100
In base 8, what is -204 + -602712?
-603116
In base 6, what is 11311010230 - 3?
11311010223
In base 9, what is -111653 - -738?
-110814
In base 10, what is 63688 + 249?
63937
In base 7, what is -1445531050 - -1?
-1445531046
In base 13, what is 0 - -3bb87?
3bb87
In base 7, what is -53620000 + -20?
-53620020
In base 15, what is 24 + 29c46?
29c6a
In base 7, what is -323415 + -15260?
-342005
In base 10, what is -4377 - 485?
-4862
In base 15, what is 7d72 + 21dd?
a060
In base 9, what is -21388842 - 2?
-21388844
In base 15, what is 2 + -139998c4?
-139998c2
In base 10, what is 4 + 8777794?
8777798
In base 2, what is -110110110011101 + 110110011111?
-101111111111110
In base 15, what is -554eb - -41?
-554aa
In base 3, what is 1011 + -210200011020?
-210200010002
In base 14, what is -49 - -d1b?
cb2
In base 10, what is -840 - 7253?
-8093
In base 5, what is -13 + -34233244044?
-34233244112
In base 16, what is -1c6ceff + d?
-1c6cef2
In base 12, what is 182 - 2a942?
-2a780
In base 15, what is -c94a92 - -1?
-c94a91
In base 10, what is 0 - 34022776?
-34022776
In base 3, what is -11220201221121 + -22012?
-11220202020210
In base 2, what is 10 + 10110110000010001111?
10110110000010010001
In base 14, what is 2 - -1246b84?
1246b86
In base 10, what is 808 + 1278?
2086
In base 10, what is 5 - 13589822?
-13589817
In base 6, what is -233023454 - 20?
-233023514
In base 14, what is -24 - 532845?
-532869
In base 12, what is -19 + 1bb931?
1bb914
In base 15, what is 6903 + 2e9?
6bec
In base 11, what is 217 - -246588?
2467a4
In base 3, what is 10 - 20022222210020102?
-20022222210020022
In base 14, what is -7 - -153250?
153247
In base 13, what is 3 + -3747b0?
-3747aa
In base 13, what is 4 - -ccc1c16?
ccc1c1a
In base 8, what is 72136 + 1263?
73421
In base 2, what is -1011111011 - 10010010001010101?
-10010011101010000
In base 15, what is 31718